9. Suppose 59*c - g*c = -672. Calculate the remainder when c is divided by 40.
2
Suppose -5*b + 78 = r, 2*r - 20 = -2*b + 104. Suppose -83 = -k + r. Let x = -108 - -126. Calculate the remainder when k is divided by x.
15
Calculate the remainder when (-4557)/(-18) + 24/(1440/50) is divided by 45.
29
Suppose -64*z - 1 = -249 - 584. Calculate the remainder when 6146 is divided by z.
10
Let o(s) = -16*s + 100. Let k = -243 - -228. Calculate the remainder when o(k) is divided by 49.
46
Suppose 42*y - 358 = 62. Calculate the remainder when (11571/(-145))/((-2)/y) is divided by 100.
99
Let u(i) = 40 - 4*i - 115 - 15*i + 12*i. What is the remainder when u(-12) is divided by 3?
0
Suppose 26*i = 20*i + 60. Suppose u - i*u = -765. What is the remainder when u is divided by 22?
19
Let p = -6657 + 6688. Calculate the remainder when 629 is divided by p.
9
Suppose 88*c - 13*c = -c + 1066736. Calculate the remainder when c is divided by 30.
26
Let v(m) = -m**3 + 44*m**2 + 99*m + 147. Calculate the remainder when v(46) is divided by 47.
46
Let k(v) = 2*v**3 + 30*v**2 - 10*v + 44. What is the remainder when 592 is divided by k(-15)?
10
Suppose -32*r + 396 + 948 = 0. Calculate the remainder when 264 is divided by r.
12
Let x = 223 + -220. Suppose -5*p + 2*j + 265 = -2*j, -x*j = p - 53. Calculate the remainder when p is divided by 9.
8
Let w = -3279 - -3486. Calculate the remainder when w is divided by 27.
18
Let k(n) = 24*n**2 + 45*n + 5. Calculate the remainder when 1630 is divided by k(-3).
82
Let d be 46/(-115) + (-974)/(-10) + -2. Suppose -3*g - 2 = l - d, -3*g + 93 = -2*l. What is the remainder when g is divided by 5?
1
Let p(w) = w**3 - 3*w**2 + w - 31. What is the remainder when 326 is divided by p(5)?
14
Let v(l) = l**2 - 116. Let h be v(11). Suppose -h*p = 9*u - 4*u + 5, 4*p = 2*u + 26. Calculate the remainder when 34 is divided by p.
2
Let y = 1312 + -1294. Let j(b) = -2*b**3 - 13*b**2 + 16*b + 3. What is the remainder when j(-8) is divided by y?
13
Let m be (-5 + 0 + 5)/(-1). Suppose 18*i - 2*i - 3712 = m. What is the remainder when i is divided by 59?
55
Let q = -5883 + 6978. What is the remainder when q is divided by 36?
15
Let h = -56 - -62. Let b = 37 + -20. Suppose -2*c = -h*c - 20, -v = -2*c - b. Calculate the remainder when 23 is divided by v.
2
Suppose 5*i + 2571 = 2*n, 0 = 39*i - 41*i + 10. What is the remainder when n is divided by 259?
3
Suppose -g = 3*h - 35, -4*h + 10*g + 91 = 5*g. Calculate the remainder when 12809 is divided by h.
13
What is the remainder when ((-15)/75)/(5/25) - -2932 is divided by 9?
6
Suppose -228*m + 231*m = 11007. Calculate the remainder when m is divided by 5.
4
Suppose 2*c = -m + 35, 0*m + 1 = m. What is the remainder when 2001 is divided by c?
12
Calculate the remainder when 563 is divided by -6*(-1162)/42 + 22.
187
Let s = -1312 - -1385. Calculate the remainder when 1019 is divided by s.
70
Calculate the remainder when (-1 + 129)*4/(-6)*(-99)/66 is divided by 7.
2
Suppose 5*t + 260*n - 1366 = 264*n, 5*t - 1371 = -n. What is the remainder when t is divided by 10?
4
Let l be (-1 - -13)*(468/8)/13. Suppose -26*j - 28 = -30*j. Suppose l*q - j = 53*q. What is the remainder when 24 is divided by q?
3
Let k(s) = -26*s**2 + 11 + s**3 + 0*s**3 - 2*s**3 + 2*s + 53*s. Calculate the remainder when k(-28) is divided by 5.
4
Let h be (2/(-1) + 3)*120. Suppose -h = -4*n - 0*n + 4*t, 146 = 5*n - t. Calculate the remainder when 22/10 + 227661/4395 is divided by n.
25
Let f = -8697 + 8723. Calculate the remainder when 1196 is divided by f.
0
Suppose -9*z + 18 + 63 = 0. Let m = 107 + -67. What is the remainder when m is divided by ((-7)/(-6))/(z/54)?
5
Let z(f) = 236*f - 2814. Calculate the remainder when 160 is divided by z(12).
16
Suppose -2*u - 2*l = -18, u = 2*l - 91 + 121. Let v(a) = a**2 - 5*a + 1. Calculate the remainder when v(9) is divided by u.
5
Suppose 0*m - m = 0. Suppose 2 + m = -u. Let v(j) = -8*j + 5. What is the remainder when v(u) is divided by 11?
10
Let c = -4 + 12. Let b(s) = 6*s + 3. Let z(w) = -w**2 + 3*w + 139. Calculate the remainder when b(c) is divided by z(13).
6
Let c(i) = -i**3 + 27*i**2 + 62*i + 44. What is the remainder when c(29) is divided by 106?
54
Suppose -23*y + 15*y + 6028 = 3*y. What is the remainder when y is divided by 114?
92
What is the remainder when ((-115)/(-2))/(3 - (-55)/(-22)) is divided by 65?
50
Suppose 3*k = -0*k + 30. Calculate the remainder when k is divided by 15 + 3 + -1 - 11.
4
Suppose 0*u = -u - 3*x + 228, 3*x = -3*u + 666. Let q = 374 - u. What is the remainder when q is divided by 41?
32
Let w = 1830 - 1296. Let k be ((-30)/(-8))/((-192)/(-256)). Suppose t + k*t - w = 0. Calculate the remainder when t is divided by 13.
11
Let z(y) be the second derivative of y**4/12 + y**3/3 - 67*y**2 + 258*y. What is the remainder when z(-16) is divided by 35?
20
Suppose 12*s + 6 = 10*s, -3*p = -2*s - 111. What is the remainder when 43 is divided by p?
8
Let a(p) = p**3 - 2*p**2 - 12*p - 17. Let c(j) = -2*j**3 + j**2 + 11*j + 16. Let w(z) = 3*a(z) + 4*c(z). Calculate the remainder when w(-2) is divided by 26.
3
Suppose -18 - 2 = 4*a. Let d be 3*a/60*0. Suppose -4*w + q = -d*q - 79, 39 = 2*w - q. Calculate the remainder when 38 is divided by w.
18
Suppose 7*c = -229 + 929. Let s(g) = 5*g - 78. What is the remainder when c is divided by s(23)?
26
Let o(y) = -4*y + 11. Let d = -24 - -26. Suppose -x = 3*l - d*x + 12, -l - 4 = -x. What is the remainder when 133 is divided by o(l)?
25
Let s = -6588 - -6676. Suppose -l + 3*z - 21 = -2*l, 3*z = -15. What is the remainder when s is divided by l?
16
Suppose 0 = -20*b + 227 + 133. Let x(r) = 36*r**2 - 5*r + 4. What is the remainder when x(1) is divided by b?
17
Let x(z) = -3*z**2 - 69*z + 42. Calculate the remainder when x(-15) is divided by 19.
3
Suppose -35 + 48 = w. Suppose 3*v - 193 = -67. Calculate the remainder when v is divided by w + -4 + 2/1.
9
Let b = -11432 + 11666. What is the remainder when 17314 is divided by b?
232
Let v(c) = -4*c**3 + 491*c + 3*c**3 - 15 - 569*c - 28*c**2. Calculate the remainder when v(-25) is divided by 16.
12
Suppose -b = 4*q - 76, -4*q + 2*b + 3*b + 76 = 0. Suppose 0 = -3*z - q + 16, -3*k + 46 = -z. Calculate the remainder when 71 is divided by k.
11
Let w = -3923 + 4143. What is the remainder when 877 is divided by w?
217
Let c(p) = 2*p**2 - 571*p + 11725. What is the remainder when c(22) is divided by 1 - (1 + 3)*-2?
5
Suppose -28*b - 28927 + 242259 = 0. Calculate the remainder when b is divided by 12.
11
Let a(g) = g**3 + g - 4. Suppose -5*x + 48 = 2*i, 4*x + 67 = -i + 88. Calculate the remainder when i is divided by a(2).
5
Let i = 7420 + -6979. Calculate the remainder when i is divided by 427.
14
Suppose 64*w - 59*w = 10. Suppose 3*j - h - w = 4, 0 = 5*j + 2*h - 10. What is the remainder when 13 is divided by j?
1
Suppose -2*j + 228 = -2*u - 4106, -3*u = -15. Calculate the remainder when j is divided by 53.
52
Let w(r) = -r + 8. Let g be w(6). Suppose 0 = g*t - 142 - 100. Let j = -35 + t. Calculate the remainder when j is divided by 22.
20
Suppose 2*p - 6 = -2, -p + 11 = 3*b. Let x = 12 + b. Suppose 5*j = -5, -4 = -23*a + 22*a - j. What is the remainder when x is divided by a?
0
Let y be (-20 - -6)*8/(-14). Suppose y*p + 509 = 1493. Calculate the remainder when p is divided by 20.
3
Let j(f) = f**3 + 11*f**2 + 6*f + 4. Suppose 0 = 4*x + 5 - 1, 0 = 2*h - 4*x - 116. Let q = h - 27. Calculate the remainder when j(-9) is divided by q.
25
Suppose -7*z + 328 + 71 = 0. What is the remainder when (-1574)/(-4) + 20/8 is divided by z?
54
Suppose 4*k + 62 = 58. What is the remainder when (-19 - 1)/(-12 + 11) + k is divided by 12?
7
What is the remainder when 188 is divided by 2575/35 + (-40)/(-210)*-3?
42
Suppose -24*c + 264 = -28*c. Let n = -52 - c. Let k = n - 4. What is the remainder when 27 is divided by k?
7
Let p = -78 - -111. Let i(c) = c**2 - 2*c - 114. Let g be i(-11). Let k = g + -17. What is the remainder when p is divided by k?
9
Suppose 20*p - 19*p - 12 = 0. Suppose -s + 32 = 5*k, 4*s - 2*s + 2*k - 40 = 0. What is the remainder when s is divided by p?
5
Let u = 287 + -146. Calculate the remainder when 4510 is divided by u.
139
Let z = 490 - 496. Let m(v) = -30*v - 97. Calculate the remainder when m